6))/(1/i). Suppose -3*b + a = 2*w - 3, -3*w + 5*b = -58. What is the tens digit of w?
1
Let s(q) = q + 7. Let k be s(-5). Suppose -38 = -k*i - 2*u, i + 2*u = 5*u - 1. What is the tens digit of i?
1
Let s(w) = -8*w. Suppose 4*n - n + 3 = 0. What is the units digit of s(n)?
8
Let d(f) = 3*f**2 - 11*f - 18. What is the tens digit of d(-5)?
1
Let m(n) = n**3 - 9*n**2 + 8*n - 5. Let t(b) = 2*b**3 - 18*b**2 + 16*b - 10. Let v(k) = 7*m(k) - 4*t(k). What is the units digit of v(8)?
5
Suppose d + 116 = 6*d - 4*b, 5*d + 4*b = 124. What is the tens digit of d?
2
Suppose 4*i - 59 - 121 = 4*f, i + 53 = -f. What is the tens digit of 1/(-3)*(-2 + f)?
1
Let l(h) = h**2 - 2*h - 7. Let d be l(5). Suppose n = -q + d + 29, -2*q = 10. Suppose 36 = 4*u + 2*b, 0 = -5*u - 3*b + 2*b + n. What is the units digit of u?
8
Suppose 5*n + 31 = -3*d + 2*d, 37 = -3*n + 4*d. Let m = 5 + n. Let b = 15 + m. What is the tens digit of b?
1
Let g = -85 - -276. What is the hundreds digit of g?
1
Let z(y) = -y**2 - 7*y + 4. Let b(p) = p**3 + 4*p**2 - 2*p + 2. Let k be b(-4). Let j = k - 16. What is the tens digit of z(j)?
1
What is the hundreds digit of 180 + 9/(-5 - -2)?
1
Suppose -2*k + 768 = k + h, -4*k = 4*h - 1016. What is the tens digit of k?
5
Let j = -7 - -5. Let m be (-2)/1*(j + 0). Suppose 2 = m*l - 2. What is the units digit of l?
1
Let a(b) = b**2 + 2*b - 3. Let t be a(-6). Let s = -10 + 22. Suppose t + s = 3*c. What is the tens digit of c?
1
Suppose 7*o - 5*o + 4 = 0. Suppose -25 = -5*m + 2*z, -5*m = -0*z + 3*z - 25. Let s = o + m. What is the units digit of s?
3
Let x(z) = z - 6. Let w be x(5). Let y be 8/(-4) + 1/w. What is the units digit of (-12)/(-18) + (-19)/y?
7
Suppose 3*c - 634 = -5*a + 7*c, 5*c = 3*a - 370. What is the hundreds digit of a?
1
Let k(i) = -3*i**3 - i**2 + 2. What is the tens digit of k(-2)?
2
Suppose -f + 2 = -3*f. What is the units digit of (f - (0 - -5))/(-2)?
3
Suppose -3*y = -2*j - 1094, -j + 3 + 2 = 0. What is the tens digit of y?
6
Suppose -4*k = z - 108, -z - 3*k = -4*k - 103. What is the tens digit of z?
0
Suppose -3*z + 134 = 2*g + 2*g, 0 = g - 2. Suppose -5*o + z = 3*r, 3*r = -2*r - 5*o + 60. What is the units digit of r?
9
Let t(s) = s**2 - 7*s + 1. What is the units digit of t(7)?
1
Suppose 0 = -41*y + 40*y + 138. What is the units digit of y?
8
Let f = -140 - -216. What is the units digit of f?
6
Let k(i) = -i**2 - 32*i - 61. What is the units digit of k(-20)?
9
Let z be (-5)/20 - 26/(-8). Suppose -5*d = -2*x + 23, -d + 39 = z*x - 4*d. What is the units digit of x?
4
Suppose r = -4*r - 20. Let w(l) be the second derivative of -l**3/3 - 5*l**2/2 + 4*l. What is the units digit of w(r)?
3
Let h(i) = 90*i**2 + 2*i + 1. What is the units digit of h(1)?
3
Let t(q) = -q**3 - 11*q**2 + 18*q + 8. What is the units digit of t(-13)?
2
Let r(g) = 2*g**2 - 15*g - 8. What is the units digit of r(9)?
9
Let m(c) = c**3 + 2*c**2 + 9*c - 6. Let d(r) = r**2 + r - 1. Let l(w) = -6*d(w) + m(w). Let u be l(3). Suppose 0 = -v - u*v + 6. What is the units digit of v?
6
Let w be ((-248)/10)/((-2)/5). Let s = w - 36. What is the units digit of s?
6
Let i = -5 + -8. Let n = i + 25. What is the tens digit of n?
1
What is the hundreds digit of (-4653)/(-18) - (-2)/4?
2
Let i be ((-6)/4)/((-3)/(-6)). Let x be (-8)/i + 1/3. Suppose x*h + 9 = 0, 3*z + 2 + 4 = -5*h. What is the units digit of z?
3
Let b = 41 - 23. What is the units digit of ((-8)/(-24))/(1/b)?
6
Suppose 12 + 4 = 4*u. Suppose 21 = u*w - 55. What is the tens digit of w?
1
Let y be 16/6 - (-6)/(-9). Suppose -b + 18 + y = 0. What is the tens digit of b?
2
Suppose 3 + 1 = g. Let z(r) = 5*r - 1. Let j be z(5). Suppose 0 = g*m - 0*m - j. What is the units digit of m?
6
Let f(c) = 12*c + 14. Let r be f(10). Let s = r + 18. What is the units digit of (6/(-4))/((-12)/s)?
9
What is the tens digit of (56/(-21))/(2*1/(-33))?
4
Suppose 3*j - r - 245 = 0, -3*j + 5*r + 195 = -70. What is the tens digit of j?
8
What is the hundreds digit of 231 + -5*(3 + -2)?
2
Let c(q) = 2*q**3 + 17*q**2 - 17*q - 4. What is the tens digit of c(-8)?
9
Suppose -3*u - 4 = -241. What is the units digit of u?
9
Let g = 3 + -15. What is the units digit of (-2)/4 + (-54)/g?
4
Let j(w) = -173*w**3 - w**2 - 4*w - 2. What is the units digit of j(-1)?
4
Suppose -2*s = 2, -3*s - 83 = -3*i + 2*s. Suppose -5*d = 4*k + 32, -5*d = -k + 3*k + i. What is the units digit of (-50)/(-12) - d/(-24)?
4
Suppose -4*r + r + 7 = -2*d, -r + 9 = d. Suppose 0*t - 24 = -4*t. Let c = t - d. What is the units digit of c?
2
Suppose 382 = 7*w + 32. What is the units digit of w?
0
Suppose 0*s = -5*s + 685. Suppose -3*a = i - 65, 5*a + 2*i + 30 = s. What is the tens digit of a?
2
Let o(m) = m**3 - 1. Let w(i) = -4*i**3 - 11*i**2 - 13*i + 1. Let b(k) = -5*o(k) - w(k). Let g = 29 - 17. What is the units digit of b(g)?
6
Suppose 35 = 4*b - 17. What is the units digit of b?
3
Let i be (-2)/((-27)/12 - -2). Let b = 22 - i. What is the units digit of b?
4
Suppose l - 3 = 6. Suppose s - 18 = l. Suppose h + 2*h = s. What is the units digit of h?
9
Let f = 14 + -7. Suppose -2*r - 1 + f = 0. Suppose -r*u - 5*c + 34 = 0, 0*u + 4*c = 4*u - 24. What is the units digit of u?
8
Let y(k) be the second derivative of -k**3/6 - 6*k**2 - 4*k. Let f be y(-9). What is the units digit of 5 + 1/((-3)/f)?
6
Let x(q) = 4*q**3 - 3*q + 2. What is the units digit of x(1)?
3
Let y(q) = 4*q**3 - q. Let v be y(1). Let b = 7 - v. What is the tens digit of (4/2)/(b/46)?
2
Let n = -8 - -9. Let i be (2 + 22)*n/2. Suppose k - i = j, -8*j = 5*k - 3*j - 90. What is the units digit of k?
5
Suppose 0*w + 30 = 5*w. What is the units digit of (6/(-4))/(w/(-16))?
4
What is the units digit of ((-24)/30)/(4/(-70))?
4
Let p(r) = -2 - r + 3 + 4 + 2*r. What is the units digit of p(-4)?
1
Let q(c) = -c**2 - 8*c + 2. Let h be 21/((-9)/3)*1. What is the units digit of q(h)?
9
Suppose 2*i + 15 = 5*i. Suppose 2*a = -0*a + 18. Suppose i*m = -a + 39. What is the units digit of m?
6
Suppose -5*j - 4 = -9*j. Suppose -3*u + 23 = -j. What is the units digit of u?
8
Let j(t) = -t**2 - 8*t + 10. Let z be j(-9). Let w be (-1)/(((-2)/(-10))/z). Let n = -2 - w. What is the units digit of n?
3
Let z be 1*(6/(-2) - -5). Suppose z*o = o - 4, 4*o + 7 = -3*t. Suppose 0 = -t*u + 12, u - 2 = -3*d + 5*u. What is the units digit of d?
6
Let x be (9 - -1)*9/6. Suppose 4*f = -3*t + 4 + x, 5*t + 2*f = 27. What is the units digit of t?
5
Let p(i) = 5*i**2 + 7*i. Let h(w) = 4*w**2 + 7*w. Let q(v) = 6*h(v) - 5*p(v). Let r be (-4)/(-2 - -6)*3/(-1). What is the units digit of q(r)?
2
Suppose -5*p - b = -23, -3*p + 23 = b - 5*b. Suppose -36 = -p*h + h. Suppose -2*y + 1 = -h. What is the units digit of y?
5
Suppose 2*c - 14 = -6. Let u be 1*-1*(-12)/c. Suppose t - 2*n = -0*t + 6, -u*n - 7 = -t. What is the units digit of t?
4
Let s(o) = -o**2 + 8*o + 9. Let g be s(9). Suppose g = 5*y - 2*l - 19, -4*l + 2 = -4*y + 10. What is the units digit of y?
5
What is the hundreds digit of (-215 - 1)*(-10)/20?
1
Let h(d) = 5*d**3 - d**2 + 2*d - 1. Let v be h(1). Suppose -g - v = 2. Let m(i) = i**3 + 7*i**2 - i - 1. What is the units digit of m(g)?
6
Let d = -3 - -30. Suppose d = -j - 2*j. What is the units digit of ((-13)/(-3))/((-3)/j)?
3
Let q(n) = n**3 - 4*n**2 - 7*n + 7. Let d be q(5). Let l = 0 - d. Let f = -2 + l. What is the units digit of f?
1
Suppose 2*s + 0 = -2. What is the tens digit of s*0/1 - -11?
1
Suppose 2*l = 5*l + 297. What is the tens digit of (l/18)/(1/(-2))?
1
Suppose -19 = -x + 45. Suppose 0 = 3*n - 3*w - 36, 4*w = 2*n - 5*n + x. What is the units digit of n?
6
Suppose 5*g + 36 = g. What is the units digit of (-3)/g*3*5?
5
Let h be (-3 + 0)*(0 + -1). Suppose k = p - 4*p + 15, h*k = 3*p - 3. Suppose p*j - 2*g - 21 = -5*g, -j + g = 0. What is the units digit of j?
3
Suppose 3 = o - 1. Suppose -5*z - 1 = -o*i + 20, -5*i + 18 = 2*z. What is the units digit of i?
4
Let g(h) be the first derivative of -h**3/3 - 3*h**2 - 5*h + 1. Let m be g(-4). Suppose -x + 3 = -m. What is the units digit of x?
6
Let b(f) = -f - 4. Let i be b(-2). Let g be 1*8/6*-3. What is the units digit of (-6)/(-4) + i/g?
2
Let p = 7 + -2. Let u be (1 - 2) + (p - 5). Let c = 2 - u. What is the units digit of c?
3
Let t(w) = -w**3 - 5*w**2 - 10*w + 8. What is the hundreds